{"id":12,"date":"2023-02-03T07:28:11","date_gmt":"2023-02-03T07:28:11","guid":{"rendered":"https:\/\/dunavitaclinic.com\/?page_id=12"},"modified":"2025-04-30T13:50:38","modified_gmt":"2025-04-30T13:50:38","slug":"sobre-nosotros","status":"publish","type":"page","link":"https:\/\/dunavitaclinic.com\/index.php\/sobre-nosotros\/","title":{"rendered":"Cl\u00ednica DunaVita Medical Center"},"content":{"rendered":"<p data-renderer-start-pos=\"255\"><strong>DunaVita Clinic<\/strong> es una cl\u00ednica de medicina situada en el complejo <strong>Sun Club de Playa del Ingl\u00e9s<\/strong> que trabaja con pacientes tanto <strong>nacionales<\/strong> como <strong>internacionales<\/strong>.<\/p>\n<p data-renderer-start-pos=\"416\">Su directora m\u00e9dica <strong>Dra Katia Fraga Gamoneda<\/strong> es una excelente profesional especialista en <strong>Medicina Familiar y comunitaria<\/strong>, M\u00e1ster en urgencias y emergencias, M\u00e1ster en medicina est\u00e9tica y Experta en cirug\u00eda menor con <strong>m\u00e1s de 20 a\u00f1os de experiencia<\/strong> .<\/p>\n<p data-renderer-start-pos=\"668\">Nuestro centro est\u00e1 formado por un equipo que pone a tu disposici\u00f3n una amplia gama de servicios m\u00e9dicos incluido <strong>servicios a domicilio y urgencias 24 horas<\/strong>.<\/p>\n<p data-renderer-start-pos=\"828\"><strong>Cont\u00e1ctanos<\/strong>. Estamos aqu\u00ed para ayudarte .<\/p>\n","protected":false},"excerpt":{"rendered":"<p>DunaVita Clinic es una cl\u00ednica de medicina situada en el complejo Sun Club de Playa del Ingl\u00e9s que trabaja con pacientes tanto nacionales como internacionales. Su directora m\u00e9dica Dra Katia Fraga Gamoneda es una excelente profesional especialista en Medicina Familiar y comunitaria, M\u00e1ster en urgencias y emergencias, M\u00e1ster en medicina est\u00e9tica y Experta en cirug\u00eda [&hellip;]<\/p>\n","protected":false},"author":1,"featured_media":0,"parent":0,"menu_order":0,"comment_status":"closed","ping_status":"closed","template":"","meta":{"footnotes":""},"class_list":["post-12","page","type-page","status-publish","hentry"],"yoast_head":"<!-- This site is optimized with the Yoast SEO plugin v27.4 - https:\/\/yoast.com\/product\/yoast-seo-wordpress\/ -->\n<title>Cl\u00ednica DunaVita Medical Center - Clinica Vita Arzt - Praxis<\/title>\n<meta name=\"robots\" content=\"index, follow, max-snippet:-1, max-image-preview:large, max-video-preview:-1\" \/>\n<link rel=\"canonical\" href=\"https:\/\/dunavitaclinic.com\/index.php\/sobre-nosotros\/\" \/>\n<meta property=\"og:locale\" content=\"es_ES\" \/>\n<meta property=\"og:type\" content=\"article\" \/>\n<meta property=\"og:title\" content=\"Cl\u00ednica DunaVita Medical Center - Clinica Vita Arzt - Praxis\" \/>\n<meta property=\"og:description\" content=\"DunaVita Clinic es una cl\u00ednica de medicina situada en el complejo Sun Club de Playa del Ingl\u00e9s que trabaja con pacientes tanto nacionales como internacionales. Su directora m\u00e9dica Dra Katia Fraga Gamoneda es una excelente profesional especialista en Medicina Familiar y comunitaria, M\u00e1ster en urgencias y emergencias, M\u00e1ster en medicina est\u00e9tica y Experta en cirug\u00eda [&hellip;]\" \/>\n<meta property=\"og:url\" content=\"https:\/\/dunavitaclinic.com\/index.php\/sobre-nosotros\/\" \/>\n<meta property=\"og:site_name\" content=\"Clinica Vita Arzt - Praxis\" \/>\n<meta property=\"article:modified_time\" content=\"2025-04-30T13:50:38+00:00\" \/>\n<meta name=\"twitter:card\" content=\"summary_large_image\" \/>\n<meta name=\"twitter:label1\" content=\"Tiempo de lectura\" \/>\n\t<meta name=\"twitter:data1\" content=\"1 minuto\" \/>\n<script type=\"application\/ld+json\" class=\"yoast-schema-graph\">{\"@context\":\"https:\\\/\\\/schema.org\",\"@graph\":[{\"@type\":\"WebPage\",\"@id\":\"https:\\\/\\\/dunavitaclinic.com\\\/index.php\\\/sobre-nosotros\\\/\",\"url\":\"https:\\\/\\\/dunavitaclinic.com\\\/index.php\\\/sobre-nosotros\\\/\",\"name\":\"Cl\u00ednica DunaVita Medical Center - Clinica Vita Arzt - Praxis\",\"isPartOf\":{\"@id\":\"https:\\\/\\\/dunavitaclinic.com\\\/#website\"},\"datePublished\":\"2023-02-03T07:28:11+00:00\",\"dateModified\":\"2025-04-30T13:50:38+00:00\",\"breadcrumb\":{\"@id\":\"https:\\\/\\\/dunavitaclinic.com\\\/index.php\\\/sobre-nosotros\\\/#breadcrumb\"},\"inLanguage\":\"es\",\"potentialAction\":[{\"@type\":\"ReadAction\",\"target\":[\"https:\\\/\\\/dunavitaclinic.com\\\/index.php\\\/sobre-nosotros\\\/\"]}]},{\"@type\":\"BreadcrumbList\",\"@id\":\"https:\\\/\\\/dunavitaclinic.com\\\/index.php\\\/sobre-nosotros\\\/#breadcrumb\",\"itemListElement\":[{\"@type\":\"ListItem\",\"position\":1,\"name\":\"Portada\",\"item\":\"https:\\\/\\\/dunavitaclinic.com\\\/\"},{\"@type\":\"ListItem\",\"position\":2,\"name\":\"Cl\u00ednica DunaVita Medical Center\"}]},{\"@type\":\"WebSite\",\"@id\":\"https:\\\/\\\/dunavitaclinic.com\\\/#website\",\"url\":\"https:\\\/\\\/dunavitaclinic.com\\\/\",\"name\":\"Clinica Vita Arzt - Praxis\",\"description\":\"Cl\u00ednica de asistencia m\u00e9dica en Playa del Ingl\u00e9s\",\"publisher\":{\"@id\":\"https:\\\/\\\/dunavitaclinic.com\\\/#organization\"},\"potentialAction\":[{\"@type\":\"SearchAction\",\"target\":{\"@type\":\"EntryPoint\",\"urlTemplate\":\"https:\\\/\\\/dunavitaclinic.com\\\/?s={search_term_string}\"},\"query-input\":{\"@type\":\"PropertyValueSpecification\",\"valueRequired\":true,\"valueName\":\"search_term_string\"}}],\"inLanguage\":\"es\"},{\"@type\":\"Organization\",\"@id\":\"https:\\\/\\\/dunavitaclinic.com\\\/#organization\",\"name\":\"Clinica Vita Arzt - Praxis\",\"url\":\"https:\\\/\\\/dunavitaclinic.com\\\/\",\"logo\":{\"@type\":\"ImageObject\",\"inLanguage\":\"es\",\"@id\":\"https:\\\/\\\/dunavitaclinic.com\\\/#\\\/schema\\\/logo\\\/image\\\/\",\"url\":\"https:\\\/\\\/dunavitaclinic.com\\\/wp-content\\\/uploads\\\/2025\\\/04\\\/logo_definitivo_con_tagline_mod.jpg\",\"contentUrl\":\"https:\\\/\\\/dunavitaclinic.com\\\/wp-content\\\/uploads\\\/2025\\\/04\\\/logo_definitivo_con_tagline_mod.jpg\",\"width\":1760,\"height\":1366,\"caption\":\"Clinica Vita Arzt - Praxis\"},\"image\":{\"@id\":\"https:\\\/\\\/dunavitaclinic.com\\\/#\\\/schema\\\/logo\\\/image\\\/\"}}]}<\/script>\n<!-- \/ Yoast SEO plugin. -->","yoast_head_json":{"title":"Cl\u00ednica DunaVita Medical Center - Clinica Vita Arzt - Praxis","robots":{"index":"index","follow":"follow","max-snippet":"max-snippet:-1","max-image-preview":"max-image-preview:large","max-video-preview":"max-video-preview:-1"},"canonical":"https:\/\/dunavitaclinic.com\/index.php\/sobre-nosotros\/","og_locale":"es_ES","og_type":"article","og_title":"Cl\u00ednica DunaVita Medical Center - Clinica Vita Arzt - Praxis","og_description":"DunaVita Clinic es una cl\u00ednica de medicina situada en el complejo Sun Club de Playa del Ingl\u00e9s que trabaja con pacientes tanto nacionales como internacionales. Su directora m\u00e9dica Dra Katia Fraga Gamoneda es una excelente profesional especialista en Medicina Familiar y comunitaria, M\u00e1ster en urgencias y emergencias, M\u00e1ster en medicina est\u00e9tica y Experta en cirug\u00eda [&hellip;]","og_url":"https:\/\/dunavitaclinic.com\/index.php\/sobre-nosotros\/","og_site_name":"Clinica Vita Arzt - Praxis","article_modified_time":"2025-04-30T13:50:38+00:00","twitter_card":"summary_large_image","twitter_misc":{"Tiempo de lectura":"1 minuto"},"schema":{"@context":"https:\/\/schema.org","@graph":[{"@type":"WebPage","@id":"https:\/\/dunavitaclinic.com\/index.php\/sobre-nosotros\/","url":"https:\/\/dunavitaclinic.com\/index.php\/sobre-nosotros\/","name":"Cl\u00ednica DunaVita Medical Center - Clinica Vita Arzt - Praxis","isPartOf":{"@id":"https:\/\/dunavitaclinic.com\/#website"},"datePublished":"2023-02-03T07:28:11+00:00","dateModified":"2025-04-30T13:50:38+00:00","breadcrumb":{"@id":"https:\/\/dunavitaclinic.com\/index.php\/sobre-nosotros\/#breadcrumb"},"inLanguage":"es","potentialAction":[{"@type":"ReadAction","target":["https:\/\/dunavitaclinic.com\/index.php\/sobre-nosotros\/"]}]},{"@type":"BreadcrumbList","@id":"https:\/\/dunavitaclinic.com\/index.php\/sobre-nosotros\/#breadcrumb","itemListElement":[{"@type":"ListItem","position":1,"name":"Portada","item":"https:\/\/dunavitaclinic.com\/"},{"@type":"ListItem","position":2,"name":"Cl\u00ednica DunaVita Medical Center"}]},{"@type":"WebSite","@id":"https:\/\/dunavitaclinic.com\/#website","url":"https:\/\/dunavitaclinic.com\/","name":"Clinica Vita Arzt - Praxis","description":"Cl\u00ednica de asistencia m\u00e9dica en Playa del Ingl\u00e9s","publisher":{"@id":"https:\/\/dunavitaclinic.com\/#organization"},"potentialAction":[{"@type":"SearchAction","target":{"@type":"EntryPoint","urlTemplate":"https:\/\/dunavitaclinic.com\/?s={search_term_string}"},"query-input":{"@type":"PropertyValueSpecification","valueRequired":true,"valueName":"search_term_string"}}],"inLanguage":"es"},{"@type":"Organization","@id":"https:\/\/dunavitaclinic.com\/#organization","name":"Clinica Vita Arzt - Praxis","url":"https:\/\/dunavitaclinic.com\/","logo":{"@type":"ImageObject","inLanguage":"es","@id":"https:\/\/dunavitaclinic.com\/#\/schema\/logo\/image\/","url":"https:\/\/dunavitaclinic.com\/wp-content\/uploads\/2025\/04\/logo_definitivo_con_tagline_mod.jpg","contentUrl":"https:\/\/dunavitaclinic.com\/wp-content\/uploads\/2025\/04\/logo_definitivo_con_tagline_mod.jpg","width":1760,"height":1366,"caption":"Clinica Vita Arzt - Praxis"},"image":{"@id":"https:\/\/dunavitaclinic.com\/#\/schema\/logo\/image\/"}}]}},"_links":{"self":[{"href":"https:\/\/dunavitaclinic.com\/index.php\/wp-json\/wp\/v2\/pages\/12","targetHints":{"allow":["GET"]}}],"collection":[{"href":"https:\/\/dunavitaclinic.com\/index.php\/wp-json\/wp\/v2\/pages"}],"about":[{"href":"https:\/\/dunavitaclinic.com\/index.php\/wp-json\/wp\/v2\/types\/page"}],"author":[{"embeddable":true,"href":"https:\/\/dunavitaclinic.com\/index.php\/wp-json\/wp\/v2\/users\/1"}],"replies":[{"embeddable":true,"href":"https:\/\/dunavitaclinic.com\/index.php\/wp-json\/wp\/v2\/comments?post=12"}],"version-history":[{"count":15,"href":"https:\/\/dunavitaclinic.com\/index.php\/wp-json\/wp\/v2\/pages\/12\/revisions"}],"predecessor-version":[{"id":427,"href":"https:\/\/dunavitaclinic.com\/index.php\/wp-json\/wp\/v2\/pages\/12\/revisions\/427"}],"wp:attachment":[{"href":"https:\/\/dunavitaclinic.com\/index.php\/wp-json\/wp\/v2\/media?parent=12"}],"curies":[{"name":"wp","href":"https:\/\/api.w.org\/{rel}","templated":true}]}}